{"id":109,"date":"2023-11-24T22:17:19","date_gmt":"2023-11-25T01:17:19","guid":{"rendered":"https:\/\/fundacionmateo25.com.ar\/?page_id=109"},"modified":"2026-03-16T15:35:27","modified_gmt":"2026-03-16T18:35:27","slug":"colaboraciones","status":"publish","type":"page","link":"https:\/\/fundacionmateo25.com.ar\/?page_id=109","title":{"rendered":"NUESTRO TRABAJO"},"content":{"rendered":"\n<p>Estas son las colaboraciones que realizamos gracias a las donaciones de ustedes. Las mismas nos permiten trabajar en diferentes Centro, Institutos, Asociaciones, etc. A continuaci\u00f3n algunos lugares en donde estamos participando.<\/p>\n\n\n\n<div class=\"wp-block-media-text has-media-on-the-right is-stacked-on-mobile\"><div class=\"wp-block-media-text__content\">\n<h2 class=\"wp-block-heading\">Instituto de Formaci\u00f3n y Trabajo AG<\/h2>\n\n\n\n<p><strong>El Instituto de Formaci\u00f3n y Trabajo AG <\/strong>es una Organizaci\u00f3n Civil sin fines de lucro que se ocupa de mejorar las oportunidades de la comunidad, con m\u00e1s de &#8230; <strong><a href=\"https:\/\/fundacionmateo25.com.ar\/?page_id=738\" title=\"\">Leer m\u00e1s<\/a><\/strong><\/p>\n<\/div><figure class=\"wp-block-media-text__media\"><img loading=\"lazy\" decoding=\"async\" width=\"973\" height=\"729\" src=\"http:\/\/fundacionmateo25.com.ar\/wp-content\/uploads\/2026\/03\/3.png\" alt=\"\" class=\"wp-image-742 size-full\" srcset=\"https:\/\/fundacionmateo25.com.ar\/wp-content\/uploads\/2026\/03\/3.png 973w, https:\/\/fundacionmateo25.com.ar\/wp-content\/uploads\/2026\/03\/3-300x225.png 300w, https:\/\/fundacionmateo25.com.ar\/wp-content\/uploads\/2026\/03\/3-768x575.png 768w, https:\/\/fundacionmateo25.com.ar\/wp-content\/uploads\/2026\/03\/3-640x480.png 640w\" sizes=\"(max-width: 973px) 100vw, 973px\" \/><\/figure><\/div>\n\n\n\n<hr class=\"wp-block-separator has-alpha-channel-opacity\"\/>\n\n\n\n<div class=\"wp-block-media-text is-stacked-on-mobile\"><figure class=\"wp-block-media-text__media\"><img loading=\"lazy\" decoding=\"async\" width=\"1024\" height=\"683\" src=\"http:\/\/fundacionmateo25.com.ar\/wp-content\/uploads\/2026\/03\/WhatsApp-Image-2026-03-15-at-14.29.22-edited-1.jpeg\" alt=\"\" class=\"wp-image-686 size-full\" srcset=\"https:\/\/fundacionmateo25.com.ar\/wp-content\/uploads\/2026\/03\/WhatsApp-Image-2026-03-15-at-14.29.22-edited-1.jpeg 1024w, https:\/\/fundacionmateo25.com.ar\/wp-content\/uploads\/2026\/03\/WhatsApp-Image-2026-03-15-at-14.29.22-edited-1-300x200.jpeg 300w, https:\/\/fundacionmateo25.com.ar\/wp-content\/uploads\/2026\/03\/WhatsApp-Image-2026-03-15-at-14.29.22-edited-1-768x512.jpeg 768w, https:\/\/fundacionmateo25.com.ar\/wp-content\/uploads\/2026\/03\/WhatsApp-Image-2026-03-15-at-14.29.22-edited-1-640x427.jpeg 640w\" sizes=\"(max-width: 1024px) 100vw, 1024px\" \/><\/figure><div class=\"wp-block-media-text__content\">\n<h2 class=\"wp-block-heading\">Taller Esperanza de Vida<\/h2>\n\n\n\n<p>Esperanza de Vida es un espacio de perfil comunitario que forma parte de la red de centros para personas con diversidad funcional de la Asociaci\u00f3n&#8230; <strong> <a href=\"https:\/\/fundacionmateo25.com.ar\/?page_id=683\" title=\"EL CENTRO DE JUBILADOS ENCUENTRO Y SALUD\">Leer m\u00e1s<\/a><\/strong><\/p>\n<\/div><\/div>\n\n\n\n<hr class=\"wp-block-separator has-alpha-channel-opacity\"\/>\n\n\n\n<div class=\"wp-block-media-text has-media-on-the-right is-stacked-on-mobile\"><div class=\"wp-block-media-text__content\">\n<h2 class=\"wp-block-heading\">Taller Valoremos la Vida<\/h2>\n\n\n\n<p><strong>Valoremos la Vida<\/strong> es un Taller Protegido situado en el barrio La Sirena, partido de Florencio Varela. La instituci\u00f3n asiste diariamente a 50 j\u00f3venes y &#8230; <strong><a href=\"https:\/\/fundacionmateo25.com.ar\/?page_id=679\" title=\"\">Leer m\u00e1s<\/a><\/strong><\/p>\n<\/div><figure class=\"wp-block-media-text__media\"><img loading=\"lazy\" decoding=\"async\" width=\"720\" height=\"540\" src=\"http:\/\/fundacionmateo25.com.ar\/wp-content\/uploads\/2026\/03\/ValoremosLaVida-edited.jpeg\" alt=\"\" class=\"wp-image-681 size-full\" srcset=\"https:\/\/fundacionmateo25.com.ar\/wp-content\/uploads\/2026\/03\/ValoremosLaVida-edited.jpeg 720w, https:\/\/fundacionmateo25.com.ar\/wp-content\/uploads\/2026\/03\/ValoremosLaVida-edited-300x225.jpeg 300w, https:\/\/fundacionmateo25.com.ar\/wp-content\/uploads\/2026\/03\/ValoremosLaVida-edited-640x480.jpeg 640w\" sizes=\"(max-width: 720px) 100vw, 720px\" \/><\/figure><\/div>\n\n\n\n<hr class=\"wp-block-separator has-alpha-channel-opacity\"\/>\n\n\n\n<div class=\"wp-block-media-text is-stacked-on-mobile\"><figure class=\"wp-block-media-text__media\"><img loading=\"lazy\" decoding=\"async\" width=\"1024\" height=\"770\" src=\"https:\/\/fundacionmateo25.com.ar\/wp-content\/uploads\/2026\/03\/LuzDelAlma-1-1024x770.jpeg\" alt=\"\" class=\"wp-image-716 size-full\" srcset=\"https:\/\/fundacionmateo25.com.ar\/wp-content\/uploads\/2026\/03\/LuzDelAlma-1-1024x770.jpeg 1024w, https:\/\/fundacionmateo25.com.ar\/wp-content\/uploads\/2026\/03\/LuzDelAlma-1-300x226.jpeg 300w, https:\/\/fundacionmateo25.com.ar\/wp-content\/uploads\/2026\/03\/LuzDelAlma-1-768x578.jpeg 768w, https:\/\/fundacionmateo25.com.ar\/wp-content\/uploads\/2026\/03\/LuzDelAlma-1-640x482.jpeg 640w, https:\/\/fundacionmateo25.com.ar\/wp-content\/uploads\/2026\/03\/LuzDelAlma-1.jpeg 1280w\" sizes=\"(max-width: 1024px) 100vw, 1024px\" \/><\/figure><div class=\"wp-block-media-text__content\">\n<h2 class=\"wp-block-heading\">M\u00e1s centros en los que colaboramos<\/h2>\n\n\n\n<p>Talleres &#8220;So\u00f1ando por la VIda&#8221;, &#8220;Luz del Alma&#8221;, &#8220;Integrame&#8221; y &#8220;Abracemos un sue\u00f1o&#8221; &#8230; <strong> <a href=\"https:\/\/fundacionmateo25.com.ar\/?page_id=701\" title=\"EL CENTRO DE JUBILADOS ENCUENTRO Y SALUD\">Leer m\u00e1s<\/a><\/strong><\/p>\n<\/div><\/div>\n\n\n\n<hr class=\"wp-block-separator has-alpha-channel-opacity\"\/>\n\n\n\n<div class=\"wp-block-media-text has-media-on-the-right is-stacked-on-mobile\"><div class=\"wp-block-media-text__content\">\n<h2 class=\"wp-block-heading\">Programa Virgen de Huachana<\/h2>\n\n\n\n<p>Se trata de colaborar con la tarea pastoral y de fuerte contenci\u00f3n social de una religiosa consagrada, la Lisbeth. A 200 kil\u00f3metros al norte de la ciudad De Santiago del Estero, en medio del coraz\u00f3n del monte, se ubican peque\u00f1os pueblos, donde viven grupos de familias en extrema necesidad&#8230; <strong><a href=\"https:\/\/fundacionmateo25.com.ar\/?page_id=411\" title=\"Cinerario Parroquial Nuestra Se\u00f1ora de Balvanera\">Leer m\u00e1s<\/a><\/strong><\/p>\n<\/div><figure class=\"wp-block-media-text__media\"><img loading=\"lazy\" decoding=\"async\" width=\"720\" height=\"540\" src=\"http:\/\/fundacionmateo25.com.ar\/wp-content\/uploads\/2024\/09\/WhatsApp-Image-2024-09-02-at-16.56.111.jpeg\" alt=\"\" class=\"wp-image-512 size-full\" srcset=\"https:\/\/fundacionmateo25.com.ar\/wp-content\/uploads\/2024\/09\/WhatsApp-Image-2024-09-02-at-16.56.111.jpeg 720w, https:\/\/fundacionmateo25.com.ar\/wp-content\/uploads\/2024\/09\/WhatsApp-Image-2024-09-02-at-16.56.111-300x225.jpeg 300w, https:\/\/fundacionmateo25.com.ar\/wp-content\/uploads\/2024\/09\/WhatsApp-Image-2024-09-02-at-16.56.111-640x480.jpeg 640w\" sizes=\"(max-width: 720px) 100vw, 720px\" \/><\/figure><\/div>\n\n\n\n<hr class=\"wp-block-separator has-alpha-channel-opacity\"\/>\n\n\n\n<div class=\"wp-block-media-text is-stacked-on-mobile\"><figure class=\"wp-block-media-text__media\"><img loading=\"lazy\" decoding=\"async\" width=\"1024\" height=\"768\" src=\"http:\/\/fundacionmateo25.com.ar\/wp-content\/uploads\/2023\/09\/WhatsApp-Image-2023-09-09-at-10.51.44-1024x768.jpeg\" alt=\"\" class=\"wp-image-70 size-full\" srcset=\"https:\/\/fundacionmateo25.com.ar\/wp-content\/uploads\/2023\/09\/WhatsApp-Image-2023-09-09-at-10.51.44-1024x768.jpeg 1024w, https:\/\/fundacionmateo25.com.ar\/wp-content\/uploads\/2023\/09\/WhatsApp-Image-2023-09-09-at-10.51.44-300x225.jpeg 300w, https:\/\/fundacionmateo25.com.ar\/wp-content\/uploads\/2023\/09\/WhatsApp-Image-2023-09-09-at-10.51.44-768x576.jpeg 768w, https:\/\/fundacionmateo25.com.ar\/wp-content\/uploads\/2023\/09\/WhatsApp-Image-2023-09-09-at-10.51.44-640x480.jpeg 640w, https:\/\/fundacionmateo25.com.ar\/wp-content\/uploads\/2023\/09\/WhatsApp-Image-2023-09-09-at-10.51.44.jpeg 1280w\" sizes=\"(max-width: 1024px) 100vw, 1024px\" \/><\/figure><div class=\"wp-block-media-text__content\">\n<h2 class=\"wp-block-heading\"><strong>Centro de Jubilados Encuentro y Salud<\/strong><\/h2>\n\n\n\n<p><\/p>\n\n\n\n<p>El Centro de Jubilados Encuentro y Salud se inaugur\u00f3 el 16 de junio del 2023, con motivo de reunir a todos los jubilados, de los hospitales&#8230; <strong> <a href=\"https:\/\/fundacionmateo25.com.ar\/?page_id=101\" title=\"EL CENTRO DE JUBILADOS ENCUENTRO Y SALUD\">Leer m\u00e1s<\/a><\/strong><\/p>\n<\/div><\/div>\n\n\n\n<hr class=\"wp-block-separator has-alpha-channel-opacity\"\/>\n\n\n\n<div class=\"wp-block-media-text has-media-on-the-right is-stacked-on-mobile\"><div class=\"wp-block-media-text__content\">\n<h2 class=\"wp-block-heading\"><strong>Microcine <\/strong><br><strong>\u201cCheto Cheto\u201d<\/strong><\/h2>\n\n\n\n<p>En el Instituto Cerrado &#8220;Ar\u00e1oz Alfaro&#8221; de La Plata<\/p>\n\n\n\n<p>Con el respaldo de la Fundaci\u00f3n Mateo 25, el Instituto Nacional de Cine y Artes Audiovisuales (INCAA) y la colaboraci\u00f3n entusiasta de los trabajadores y directivos del Instituto, este espacio audiovisual toma vida<\/p>\n\n\n\n<p>Nombrado en honor al documental &#8220;Cheto Cheto&#8221;, creado y estrenado en este mismo lugar, el cine es un faro para la creatividad de los j\u00f3venes adolescentes&#8230; <a href=\"https:\/\/fundacionmateo25.com.ar\/?page_id=88\" title=\"PRESENTAMOS EL MICROCINE \u201cCHETO CHETO\u201d\"><strong>Leer m\u00e1s<\/strong><\/a><\/p>\n<\/div><figure class=\"wp-block-media-text__media\"><img loading=\"lazy\" decoding=\"async\" width=\"788\" height=\"1024\" src=\"http:\/\/fundacionmateo25.com.ar\/wp-content\/uploads\/2023\/11\/WhatsApp-Image-2023-11-16-at-18.19.43-788x1024.jpeg\" alt=\"\" class=\"wp-image-89 size-full\" srcset=\"https:\/\/fundacionmateo25.com.ar\/wp-content\/uploads\/2023\/11\/WhatsApp-Image-2023-11-16-at-18.19.43-788x1024.jpeg 788w, https:\/\/fundacionmateo25.com.ar\/wp-content\/uploads\/2023\/11\/WhatsApp-Image-2023-11-16-at-18.19.43-231x300.jpeg 231w, https:\/\/fundacionmateo25.com.ar\/wp-content\/uploads\/2023\/11\/WhatsApp-Image-2023-11-16-at-18.19.43-768x998.jpeg 768w, https:\/\/fundacionmateo25.com.ar\/wp-content\/uploads\/2023\/11\/WhatsApp-Image-2023-11-16-at-18.19.43-923x1200.jpeg 923w, https:\/\/fundacionmateo25.com.ar\/wp-content\/uploads\/2023\/11\/WhatsApp-Image-2023-11-16-at-18.19.43-493x640.jpeg 493w, https:\/\/fundacionmateo25.com.ar\/wp-content\/uploads\/2023\/11\/WhatsApp-Image-2023-11-16-at-18.19.43.jpeg 985w\" sizes=\"(max-width: 788px) 100vw, 788px\" \/><\/figure><\/div>\n\n\n\n<hr class=\"wp-block-separator has-alpha-channel-opacity\"\/>\n\n\n\n<div class=\"wp-block-media-text is-stacked-on-mobile\"><figure class=\"wp-block-media-text__media\"><img loading=\"lazy\" decoding=\"async\" width=\"768\" height=\"1024\" src=\"http:\/\/fundacionmateo25.com.ar\/wp-content\/uploads\/2023\/09\/WhatsApp-Image-2023-09-09-at-10.48.25-768x1024.jpeg\" alt=\"\" class=\"wp-image-63 size-full\" srcset=\"https:\/\/fundacionmateo25.com.ar\/wp-content\/uploads\/2023\/09\/WhatsApp-Image-2023-09-09-at-10.48.25-768x1024.jpeg 768w, https:\/\/fundacionmateo25.com.ar\/wp-content\/uploads\/2023\/09\/WhatsApp-Image-2023-09-09-at-10.48.25-225x300.jpeg 225w, https:\/\/fundacionmateo25.com.ar\/wp-content\/uploads\/2023\/09\/WhatsApp-Image-2023-09-09-at-10.48.25-1152x1536.jpeg 1152w, https:\/\/fundacionmateo25.com.ar\/wp-content\/uploads\/2023\/09\/WhatsApp-Image-2023-09-09-at-10.48.25-900x1200.jpeg 900w, https:\/\/fundacionmateo25.com.ar\/wp-content\/uploads\/2023\/09\/WhatsApp-Image-2023-09-09-at-10.48.25-480x640.jpeg 480w, https:\/\/fundacionmateo25.com.ar\/wp-content\/uploads\/2023\/09\/WhatsApp-Image-2023-09-09-at-10.48.25.jpeg 1200w\" sizes=\"(max-width: 768px) 100vw, 768px\" \/><\/figure><div class=\"wp-block-media-text__content\">\n<h2 class=\"wp-block-heading\">Emprendimiento de Apicultura<\/h2>\n\n\n\n<p>En Nepes, La Rioja.<\/p>\n\n\n\n<p>Desde la Asociaci\u00f3n Martin Cunz quisimos generar un nuevo emprendimiento fortaleciendo lazos solidarios. Desde mayo 2022 comenzamos comprando 2 colmenas. Desde febrero 2023 tenemos 5 colmenas y en octubre de este a\u00f1o queremos tener 12 colmenas. No es f\u00e1cil el trabajo porque hay que aprender TODO: La Vida de las abejas, el manejo de las colmenas, el clima, la curva de floraci\u00f3n, proveerse de la indumentaria, de los insumos para las colmenas, y tantos otros conocimientos&#8230; <a href=\"https:\/\/fundacionmateo25.com.ar\/?page_id=54\" title=\"Emprendimiento de Apicultura\"><strong>Leer m\u00e1s<\/strong><\/a><\/p>\n\n\n\n<p><\/p>\n<\/div><\/div>\n\n\n\n<hr class=\"wp-block-separator has-alpha-channel-opacity\"\/>\n\n\n\n<div class=\"wp-block-media-text has-media-on-the-right is-stacked-on-mobile\"><div class=\"wp-block-media-text__content\">\n<h2 class=\"wp-block-heading\">Cinerario Parroquial<\/h2>\n\n\n\n<p>La Fundaci\u00f3n Mateo 25 colabor\u00f3 para la construcci\u00f3n del Cinerario Parroquial&#8230;<\/p>\n\n\n\n<p><a href=\"https:\/\/fundacionmateo25.com.ar\/?page_id=179\" title=\"Cinerario Parroquial Nuestra Se\u00f1ora de Balvanera\"><strong>Leer m\u00e1s<\/strong><\/a><\/p>\n<\/div><figure class=\"wp-block-media-text__media\"><img loading=\"lazy\" decoding=\"async\" width=\"768\" height=\"1024\" src=\"http:\/\/fundacionmateo25.com.ar\/wp-content\/uploads\/2023\/11\/WhatsApp-Image-2023-11-25-at-13.09.29-768x1024.jpeg\" alt=\"\" class=\"wp-image-182 size-full\" srcset=\"https:\/\/fundacionmateo25.com.ar\/wp-content\/uploads\/2023\/11\/WhatsApp-Image-2023-11-25-at-13.09.29-768x1024.jpeg 768w, https:\/\/fundacionmateo25.com.ar\/wp-content\/uploads\/2023\/11\/WhatsApp-Image-2023-11-25-at-13.09.29-225x300.jpeg 225w, https:\/\/fundacionmateo25.com.ar\/wp-content\/uploads\/2023\/11\/WhatsApp-Image-2023-11-25-at-13.09.29-1152x1536.jpeg 1152w, https:\/\/fundacionmateo25.com.ar\/wp-content\/uploads\/2023\/11\/WhatsApp-Image-2023-11-25-at-13.09.29-900x1200.jpeg 900w, https:\/\/fundacionmateo25.com.ar\/wp-content\/uploads\/2023\/11\/WhatsApp-Image-2023-11-25-at-13.09.29-480x640.jpeg 480w, https:\/\/fundacionmateo25.com.ar\/wp-content\/uploads\/2023\/11\/WhatsApp-Image-2023-11-25-at-13.09.29.jpeg 1200w\" sizes=\"(max-width: 768px) 100vw, 768px\" \/><\/figure><\/div>\n\n\n\n<hr class=\"wp-block-separator has-alpha-channel-opacity\"\/>\n\n\n\n<div class=\"wp-block-media-text is-stacked-on-mobile\"><figure class=\"wp-block-media-text__media\"><img loading=\"lazy\" decoding=\"async\" width=\"576\" height=\"1024\" src=\"http:\/\/fundacionmateo25.com.ar\/wp-content\/uploads\/2024\/03\/WhatsApp-Image-2024-03-25-at-18.54.243-576x1024.jpeg\" alt=\"\" class=\"wp-image-332 size-full\" srcset=\"https:\/\/fundacionmateo25.com.ar\/wp-content\/uploads\/2024\/03\/WhatsApp-Image-2024-03-25-at-18.54.243-576x1024.jpeg 576w, https:\/\/fundacionmateo25.com.ar\/wp-content\/uploads\/2024\/03\/WhatsApp-Image-2024-03-25-at-18.54.243-169x300.jpeg 169w, https:\/\/fundacionmateo25.com.ar\/wp-content\/uploads\/2024\/03\/WhatsApp-Image-2024-03-25-at-18.54.243-768x1365.jpeg 768w, https:\/\/fundacionmateo25.com.ar\/wp-content\/uploads\/2024\/03\/WhatsApp-Image-2024-03-25-at-18.54.243-864x1536.jpeg 864w, https:\/\/fundacionmateo25.com.ar\/wp-content\/uploads\/2024\/03\/WhatsApp-Image-2024-03-25-at-18.54.243-675x1200.jpeg 675w, https:\/\/fundacionmateo25.com.ar\/wp-content\/uploads\/2024\/03\/WhatsApp-Image-2024-03-25-at-18.54.243-360x640.jpeg 360w, https:\/\/fundacionmateo25.com.ar\/wp-content\/uploads\/2024\/03\/WhatsApp-Image-2024-03-25-at-18.54.243.jpeg 900w\" sizes=\"(max-width: 576px) 100vw, 576px\" \/><\/figure><div class=\"wp-block-media-text__content\">\n<h2 class=\"wp-block-heading\">Luz del Alma<\/h2>\n\n\n\n<p>La fundaci\u00f3n colabora con \u201cLuz del Alma\u201d<\/p>\n\n\n\n<p>Somos una instituci\u00f3n que trabaja con personas con discapacidad, modalidad centro de d\u00eda (Asociaci\u00f3n Civil sin Fines de Lucro), \u201cLuz del Alma\u201d. En nuestra instituci\u00f3n se ofrece a los concurrentes acompa\u00f1amiento tanto en salud, Kinesiolog\u00eda, nutrici\u00f3n, psicolog\u00eda, educaci\u00f3n, Braille, Inform\u00e1tica, Rehabilitaci\u00f3n, Talleres, Alimentaci\u00f3n (Desayuno, Almuerzo, Merienda y Viandas), estimulaci\u00f3n temprana y acompa\u00f1amiento social&#8230; <strong><a href=\"https:\/\/fundacionmateo25.com.ar\/?page_id=320\" title=\"Emprendimiento de Apicultura\">Leer m\u00e1s<\/a><\/strong><\/p>\n\n\n\n<p><\/p>\n<\/div><\/div>\n\n\n\n<hr class=\"wp-block-separator has-alpha-channel-opacity\"\/>\n\n\n\n<div class=\"wp-block-media-text is-stacked-on-mobile\"><figure class=\"wp-block-media-text__media\"><img loading=\"lazy\" decoding=\"async\" width=\"461\" height=\"1024\" src=\"http:\/\/fundacionmateo25.com.ar\/wp-content\/uploads\/2024\/09\/WhatsApp-Image-2024-09-02-at-11.59.263-461x1024.jpeg\" alt=\"\" class=\"wp-image-496 size-full\" srcset=\"https:\/\/fundacionmateo25.com.ar\/wp-content\/uploads\/2024\/09\/WhatsApp-Image-2024-09-02-at-11.59.263-461x1024.jpeg 461w, https:\/\/fundacionmateo25.com.ar\/wp-content\/uploads\/2024\/09\/WhatsApp-Image-2024-09-02-at-11.59.263-135x300.jpeg 135w, https:\/\/fundacionmateo25.com.ar\/wp-content\/uploads\/2024\/09\/WhatsApp-Image-2024-09-02-at-11.59.263-288x640.jpeg 288w, https:\/\/fundacionmateo25.com.ar\/wp-content\/uploads\/2024\/09\/WhatsApp-Image-2024-09-02-at-11.59.263.jpeg 519w\" sizes=\"(max-width: 461px) 100vw, 461px\" \/><\/figure><div class=\"wp-block-media-text__content\">\n<h2 class=\"wp-block-heading\">Programa Comedores y Merenderos<\/h2>\n\n\n\n<p>La Fundaci\u00f3n Mateo 25 colabora con distintos comedores y merenderos del conturbado bonaerense. La ayuda consiste directamente en dinero en efectivo, para que sea utilizado en lo que m\u00e1s se necesite en cada caso. Nos concentramos en zona sur, que es donde la Fundaci\u00f3n naci\u00f3. Por dar solo un ejemplo, mencionamos el comedor de la Villa Itat\u00ed, atendido por la comunidad salesiana de la&#8230; <strong><a href=\"https:\/\/fundacionmateo25.com.ar\/?page_id=416\" title=\"Leer m\u00e1s\">Leer m\u00e1s<\/a><\/strong><\/p>\n\n\n\n<p><\/p>\n<\/div><\/div>\n\n\n\n<hr class=\"wp-block-separator has-alpha-channel-opacity\"\/>\n\n\n\n<div class=\"wp-block-media-text has-media-on-the-right is-stacked-on-mobile\"><div class=\"wp-block-media-text__content\">\n<h2 class=\"wp-block-heading\">Programa Mat\u00edn Kunz<\/h2>\n\n\n\n<p>Se trata de una Asociaci\u00f3n Civil sin fines de lucro, que trabaja en el interior de la provincia de La Rioja. En otro lugar de nuestra web, se puede conocer el emprendimiento de apicultura que nuestra fundaci\u00f3n financi\u00f3. Ahora apareci\u00f3 otro proyecto: son catorce hect\u00e1reas de tierra, en la zona de El Chamical, que el Centro Kunz logr\u00f3 obtener. Apuntan a la crianza de animales, para luego vender los distintos productos que podr\u00e1n elaborarse&#8230; <strong><a href=\"https:\/\/fundacionmateo25.com.ar\/?page_id=420\" title=\"\">Leer m\u00e1s<\/a><\/strong><\/p>\n\n\n\n<p><\/p>\n<\/div><figure class=\"wp-block-media-text__media\"><img loading=\"lazy\" decoding=\"async\" width=\"1024\" height=\"768\" src=\"http:\/\/fundacionmateo25.com.ar\/wp-content\/uploads\/2024\/09\/WhatsApp-Image-2024-09-02-at-10.32.356-1024x768.jpeg\" alt=\"\" class=\"wp-image-463 size-full\" srcset=\"https:\/\/fundacionmateo25.com.ar\/wp-content\/uploads\/2024\/09\/WhatsApp-Image-2024-09-02-at-10.32.356-1024x768.jpeg 1024w, https:\/\/fundacionmateo25.com.ar\/wp-content\/uploads\/2024\/09\/WhatsApp-Image-2024-09-02-at-10.32.356-300x225.jpeg 300w, https:\/\/fundacionmateo25.com.ar\/wp-content\/uploads\/2024\/09\/WhatsApp-Image-2024-09-02-at-10.32.356-768x576.jpeg 768w, https:\/\/fundacionmateo25.com.ar\/wp-content\/uploads\/2024\/09\/WhatsApp-Image-2024-09-02-at-10.32.356-1536x1152.jpeg 1536w, https:\/\/fundacionmateo25.com.ar\/wp-content\/uploads\/2024\/09\/WhatsApp-Image-2024-09-02-at-10.32.356-640x480.jpeg 640w, https:\/\/fundacionmateo25.com.ar\/wp-content\/uploads\/2024\/09\/WhatsApp-Image-2024-09-02-at-10.32.356.jpeg 1600w\" sizes=\"(max-width: 1024px) 100vw, 1024px\" \/><\/figure><\/div>\n\n\n\n<hr class=\"wp-block-separator has-alpha-channel-opacity\"\/>\n\n\n\n<div class=\"wp-block-media-text is-stacked-on-mobile\"><figure class=\"wp-block-media-text__media\"><img loading=\"lazy\" decoding=\"async\" width=\"512\" height=\"512\" src=\"http:\/\/fundacionmateo25.com.ar\/wp-content\/uploads\/2023\/09\/cropped-LOGOfinal.png\" alt=\"\" class=\"wp-image-41 size-full\" srcset=\"https:\/\/fundacionmateo25.com.ar\/wp-content\/uploads\/2023\/09\/cropped-LOGOfinal.png 512w, https:\/\/fundacionmateo25.com.ar\/wp-content\/uploads\/2023\/09\/cropped-LOGOfinal-300x300.png 300w, https:\/\/fundacionmateo25.com.ar\/wp-content\/uploads\/2023\/09\/cropped-LOGOfinal-150x150.png 150w, https:\/\/fundacionmateo25.com.ar\/wp-content\/uploads\/2023\/09\/cropped-LOGOfinal-270x270.png 270w, https:\/\/fundacionmateo25.com.ar\/wp-content\/uploads\/2023\/09\/cropped-LOGOfinal-192x192.png 192w, https:\/\/fundacionmateo25.com.ar\/wp-content\/uploads\/2023\/09\/cropped-LOGOfinal-180x180.png 180w, https:\/\/fundacionmateo25.com.ar\/wp-content\/uploads\/2023\/09\/cropped-LOGOfinal-32x32.png 32w\" sizes=\"(max-width: 512px) 100vw, 512px\" \/><\/figure><div class=\"wp-block-media-text__content\">\n<h2 class=\"wp-block-heading\">Programa Ayudas de Emergencias<\/h2>\n\n\n\n<p>Se trata, simplemente, de donaci\u00f3n de dinero para alrededor de cincuenta familias carenciadas que no llegan a fin de mes. En especial, el dinero se destina a abonar las facturas de luz y gas, indispensables para, al menos, sobrevivir. Tambi\u00e9n si se necesitan remedios, o \u00fatiles escolares b\u00e1sicos&#8230;. <strong><a href=\"https:\/\/fundacionmateo25.com.ar\/?page_id=423\" title=\"Leer m\u00e1s\">Leer m\u00e1s<\/a><\/strong><\/p>\n\n\n\n<p><\/p>\n<\/div><\/div>\n","protected":false},"excerpt":{"rendered":"<p>Estas son las colaboraciones que realizamos gracias a las donaciones de ustedes. Las mismas nos permiten trabajar en diferentes Centro, Institutos, Asociaciones, etc. A continuaci\u00f3n algunos lugares en donde estamos participando. Instituto de Formaci\u00f3n y Trabajo AG El&#8230; <a class=\"read-more\" href=\"https:\/\/fundacionmateo25.com.ar\/?page_id=109\">Leer m&aacute;s<\/a><\/p>\n","protected":false},"author":1,"featured_media":113,"parent":0,"menu_order":0,"comment_status":"closed","ping_status":"closed","template":"","meta":{"om_disable_all_campaigns":true,"_monsterinsights_skip_tracking":false,"_monsterinsights_sitenote_active":false,"_monsterinsights_sitenote_note":"","_monsterinsights_sitenote_category":0,"footnotes":""},"class_list":["post-109","page","type-page","status-publish","has-post-thumbnail","hentry","no-comments"],"aioseo_notices":[],"_links":{"self":[{"href":"https:\/\/fundacionmateo25.com.ar\/index.php?rest_route=\/wp\/v2\/pages\/109"}],"collection":[{"href":"https:\/\/fundacionmateo25.com.ar\/index.php?rest_route=\/wp\/v2\/pages"}],"about":[{"href":"https:\/\/fundacionmateo25.com.ar\/index.php?rest_route=\/wp\/v2\/types\/page"}],"author":[{"embeddable":true,"href":"https:\/\/fundacionmateo25.com.ar\/index.php?rest_route=\/wp\/v2\/users\/1"}],"replies":[{"embeddable":true,"href":"https:\/\/fundacionmateo25.com.ar\/index.php?rest_route=%2Fwp%2Fv2%2Fcomments&post=109"}],"version-history":[{"count":31,"href":"https:\/\/fundacionmateo25.com.ar\/index.php?rest_route=\/wp\/v2\/pages\/109\/revisions"}],"predecessor-version":[{"id":755,"href":"https:\/\/fundacionmateo25.com.ar\/index.php?rest_route=\/wp\/v2\/pages\/109\/revisions\/755"}],"wp:featuredmedia":[{"embeddable":true,"href":"https:\/\/fundacionmateo25.com.ar\/index.php?rest_route=\/wp\/v2\/media\/113"}],"wp:attachment":[{"href":"https:\/\/fundacionmateo25.com.ar\/index.php?rest_route=%2Fwp%2Fv2%2Fmedia&parent=109"}],"curies":[{"name":"wp","href":"https:\/\/api.w.org\/{rel}","templated":true}]}}