{"id":16,"date":"2023-09-08T23:06:51","date_gmt":"2023-09-09T02:06:51","guid":{"rendered":"https:\/\/fundacionmateo25.com.ar\/?page_id=16"},"modified":"2024-03-04T17:45:33","modified_gmt":"2024-03-04T20:45:33","slug":"acerca-de","status":"publish","type":"page","link":"https:\/\/fundacionmateo25.com.ar\/?page_id=16","title":{"rendered":"Acerca de la Fundaci\u00f3n Mateo 25"},"content":{"rendered":"\n<p>A principios de los a\u00f1os 90, con una herencia familiar, el padre Luis adquiere un predio de dos hect\u00e1reas en los fondos de Florencio Varela, el lugar de mayores necesidades b\u00e1sicas insatisfechas de todo el conurbano bonaerense. Se crea la Casa del Ni\u00f1o Virgen de Pompeya, donde concurren 83 ni\u00f1os de extrema pobreza. Apoyo escolar, juegos, higiene personal, merienda reforzada y contenci\u00f3n afectiva. Tambi\u00e9n, en el mismo predio, se crean talleres de oficios para adolescentes: carpinter\u00eda, herrer\u00eda de obra, y cursos orientados al aprendizaje de sembrado, crecimiento y cosecha de verduras y hortalizas.<\/p>\n\n\n\n<p>A los efectos de poder solventar los gastos de estos emprendimientos, con un grupo de amigos, crea la Fundaci\u00f3n Mateo 25, de la cual es fundador y presidente.<\/p>\n\n\n\n<p>Las donaciones comienzan a llegar, de manera tal que permiten financiar programas de mayor envergadura. Se montan dos consultorios de \u00faltima generaci\u00f3n, en el centro de Florencio Varela: oftalmolog\u00eda y odontolog\u00eda. El resultado es asombroso. Se alcanza a atender un promedio de 4.000 ni\u00f1os por a\u00f1o, que llegan de casi todos los distritos del Gran Buenos Aires. A los que necesitan lentes, se les entrega de forma gratuita. Aqu\u00ed amerita hacer notar que, en los barrios m\u00e1s carenciados, no se ven ni\u00f1os con lentes. Un seguimiento posterior, nos demuestra la mejor\u00eda en el rendimiento escolar. En cuanto a lo odontol\u00f3gico, casi el cien por ciento de los ni\u00f1os necesitaron tratamiento. Es as\u00ed que se firma un convenio con la Facultad de Odontolog\u00eda de La Plata, que se encarga de los tratamientos m\u00e1s costosos, imposibles de afrontar por la Fundaci\u00f3n.<\/p>\n\n\n\n<p>Siguen llegando donaciones importantes, sobre todo de la Conferencia Episcopal Italiana. Se plantea la opci\u00f3n de construir una Casa de Ejercicios Espirituales en el predio de Florencio Varela. Se aprueba la moci\u00f3n, y en un lapso relativamente breve, se construye la misma, con capacidad de albergar 120 personas. Sala de conferencias, comedor, cocina, habitaciones con ba\u00f1o privado, capilla interna, y parquizaci\u00f3n. La casa, debido a los bajos precios que se cobran para su uso, es utilizada todos los fines de semana del a\u00f1o, por distintas comunidades, e incluso de otras creencias religiosas.<\/p>\n\n\n\n<figure class=\"wp-block-gallery has-nested-images columns-default is-cropped wp-block-gallery-1 is-layout-flex wp-block-gallery-is-layout-flex\">\n<figure class=\"wp-block-image size-large\"><img loading=\"lazy\" decoding=\"async\" width=\"536\" height=\"322\" data-id=\"273\" src=\"https:\/\/fundacionmateo25.com.ar\/wp-content\/uploads\/2024\/03\/fundacion6.png\" alt=\"\" class=\"wp-image-273\"\/><\/figure>\n\n\n\n<figure class=\"wp-block-image size-large\"><img loading=\"lazy\" decoding=\"async\" width=\"542\" height=\"372\" data-id=\"272\" src=\"https:\/\/fundacionmateo25.com.ar\/wp-content\/uploads\/2024\/03\/fundacion7.png\" alt=\"\" class=\"wp-image-272\"\/><\/figure>\n\n\n\n<figure class=\"wp-block-image size-large\"><img loading=\"lazy\" decoding=\"async\" width=\"533\" height=\"310\" data-id=\"276\" src=\"https:\/\/fundacionmateo25.com.ar\/wp-content\/uploads\/2024\/03\/fundacion8.png\" alt=\"\" class=\"wp-image-276\"\/><\/figure>\n\n\n\n<figure class=\"wp-block-image size-large\"><img loading=\"lazy\" decoding=\"async\" width=\"1280\" height=\"720\" data-id=\"277\" src=\"https:\/\/fundacionmateo25.com.ar\/wp-content\/uploads\/2024\/03\/Parque1.jpeg\" alt=\"\" class=\"wp-image-277\"\/><\/figure>\n\n\n\n<figure class=\"wp-block-image size-large\"><img loading=\"lazy\" decoding=\"async\" width=\"1280\" height=\"960\" data-id=\"278\" src=\"https:\/\/fundacionmateo25.com.ar\/wp-content\/uploads\/2024\/03\/Parque3.jpeg\" alt=\"\" class=\"wp-image-278\"\/><\/figure>\n\n\n\n<figure class=\"wp-block-image size-large\"><img loading=\"lazy\" decoding=\"async\" width=\"1280\" height=\"960\" data-id=\"279\" src=\"https:\/\/fundacionmateo25.com.ar\/wp-content\/uploads\/2024\/03\/Parque4.jpeg\" alt=\"\" class=\"wp-image-279\"\/><\/figure>\n\n\n\n<figure class=\"wp-block-image size-large\"><img loading=\"lazy\" decoding=\"async\" width=\"512\" height=\"333\" data-id=\"281\" src=\"https:\/\/fundacionmateo25.com.ar\/wp-content\/uploads\/2024\/03\/Iglesia3.png\" alt=\"\" class=\"wp-image-281\"\/><\/figure>\n\n\n\n<figure class=\"wp-block-image size-large\"><img loading=\"lazy\" decoding=\"async\" width=\"358\" height=\"277\" data-id=\"270\" src=\"https:\/\/fundacionmateo25.com.ar\/wp-content\/uploads\/2024\/03\/fundacion4.png\" alt=\"\" class=\"wp-image-270\"\/><\/figure>\n\n\n\n<figure class=\"wp-block-image size-large\"><img loading=\"lazy\" decoding=\"async\" width=\"307\" height=\"518\" data-id=\"269\" src=\"https:\/\/fundacionmateo25.com.ar\/wp-content\/uploads\/2024\/03\/fundacion3.png\" alt=\"\" class=\"wp-image-269\" srcset=\"https:\/\/fundacionmateo25.com.ar\/wp-content\/uploads\/2024\/03\/fundacion3.png 307w, https:\/\/fundacionmateo25.com.ar\/wp-content\/uploads\/2024\/03\/fundacion3-178x300.png 178w\" sizes=\"(max-width: 307px) 100vw, 307px\" \/><\/figure>\n\n\n\n<figure class=\"wp-block-image size-large\"><img loading=\"lazy\" decoding=\"async\" width=\"512\" height=\"333\" data-id=\"281\" src=\"https:\/\/fundacionmateo25.com.ar\/wp-content\/uploads\/2024\/03\/Iglesia3.png\" alt=\"\" class=\"wp-image-281\"\/><\/figure>\n\n\n\n<figure class=\"wp-block-image size-large\"><img loading=\"lazy\" decoding=\"async\" width=\"405\" height=\"270\" data-id=\"274\" src=\"https:\/\/fundacionmateo25.com.ar\/wp-content\/uploads\/2024\/03\/Iglesia1.png\" alt=\"\" class=\"wp-image-274\"\/><\/figure>\n\n\n\n<figure class=\"wp-block-image size-large\"><img loading=\"lazy\" decoding=\"async\" width=\"442\" height=\"293\" data-id=\"275\" src=\"https:\/\/fundacionmateo25.com.ar\/wp-content\/uploads\/2024\/03\/Iglesia2.png\" alt=\"\" class=\"wp-image-275\" srcset=\"https:\/\/fundacionmateo25.com.ar\/wp-content\/uploads\/2024\/03\/Iglesia2.png 442w, https:\/\/fundacionmateo25.com.ar\/wp-content\/uploads\/2024\/03\/Iglesia2-300x199.png 300w\" sizes=\"(max-width: 442px) 100vw, 442px\" \/><\/figure>\n<\/figure>\n","protected":false},"excerpt":{"rendered":"<p>A principios de los a\u00f1os 90, con una herencia familiar, el padre Luis adquiere un predio de dos hect\u00e1reas en los fondos de Florencio Varela, el lugar de mayores necesidades b\u00e1sicas insatisfechas de todo el conurbano bonaerense. Se&#8230; <a class=\"read-more\" href=\"https:\/\/fundacionmateo25.com.ar\/?page_id=16\">Leer m&aacute;s<\/a><\/p>\n","protected":false},"author":1,"featured_media":125,"parent":0,"menu_order":0,"comment_status":"closed","ping_status":"closed","template":"","meta":{"om_disable_all_campaigns":false,"_monsterinsights_skip_tracking":false,"_monsterinsights_sitenote_active":false,"_monsterinsights_sitenote_note":"","_monsterinsights_sitenote_category":0,"footnotes":""},"class_list":["post-16","page","type-page","status-publish","has-post-thumbnail","hentry","no-comments"],"aioseo_notices":[],"_links":{"self":[{"href":"https:\/\/fundacionmateo25.com.ar\/index.php?rest_route=\/wp\/v2\/pages\/16"}],"collection":[{"href":"https:\/\/fundacionmateo25.com.ar\/index.php?rest_route=\/wp\/v2\/pages"}],"about":[{"href":"https:\/\/fundacionmateo25.com.ar\/index.php?rest_route=\/wp\/v2\/types\/page"}],"author":[{"embeddable":true,"href":"https:\/\/fundacionmateo25.com.ar\/index.php?rest_route=\/wp\/v2\/users\/1"}],"replies":[{"embeddable":true,"href":"https:\/\/fundacionmateo25.com.ar\/index.php?rest_route=%2Fwp%2Fv2%2Fcomments&post=16"}],"version-history":[{"count":6,"href":"https:\/\/fundacionmateo25.com.ar\/index.php?rest_route=\/wp\/v2\/pages\/16\/revisions"}],"predecessor-version":[{"id":388,"href":"https:\/\/fundacionmateo25.com.ar\/index.php?rest_route=\/wp\/v2\/pages\/16\/revisions\/388"}],"wp:featuredmedia":[{"embeddable":true,"href":"https:\/\/fundacionmateo25.com.ar\/index.php?rest_route=\/wp\/v2\/media\/125"}],"wp:attachment":[{"href":"https:\/\/fundacionmateo25.com.ar\/index.php?rest_route=%2Fwp%2Fv2%2Fmedia&parent=16"}],"curies":[{"name":"wp","href":"https:\/\/api.w.org\/{rel}","templated":true}]}}