{"id":18,"date":"2023-09-08T23:06:51","date_gmt":"2023-09-09T02:06:51","guid":{"rendered":"https:\/\/fundacionmateo25.com.ar\/?page_id=18"},"modified":"2026-03-15T21:42:17","modified_gmt":"2026-03-16T00:42:17","slug":"our-mission","status":"publish","type":"page","link":"https:\/\/fundacionmateo25.com.ar\/?page_id=18","title":{"rendered":"OBJETIVOS"},"content":{"rendered":"<p><strong>La fundaci\u00f3n tendr\u00e1 por objeto <\/strong><\/p>\n<p>a) Promover y difundir la espiritualidad cat\u00f3lica, la Doctrina Social de la Iglesia y el compromiso social de los laicos. Para ello adquirir\u00e1, construir\u00e1 y administrar\u00e1 casas y otros inmuebles apropiados para sus fines que implican la realizaci\u00f3n de retiros, convivencias, seminarios, encuentros, etc. Tambi\u00e9n apoyar\u00e1 y promocionar\u00e1 el funcionamiento de casas administradas por otras instituciones.<\/p>\n<p>b) Organizar, llevar a cabo y apoyar la realizaci\u00f3n de encuentros, talleres, retiros espirituales, convivencias, cursos, congresos, seminarios y jornadas a fin de estudiar, reflexionar y compartir experiencias religiosas, sociales y pol\u00edticas.<\/p>\n<p>c) Auspiciar y editar publicaciones que intenten fomentar en la comunidad una conciencia m\u00e1s arraigada de la realidad religiosa y social a la luz del amor y la solidaridad.<\/p>\n<p>d) Difundir y apoyar la difusi\u00f3n de la doctrina social y la Iglesia, a trav\u00e9s de todos los medios masivos de comunicaci\u00f3n social.<\/p>\n<p>e) Apoyar, asistir y promover la construcci\u00f3n o mejoras de templos, centros asistenciales, casas sociales, salones comunitarios, etc.<\/p>\n<p>f) Apoyar en general todas las obras espirituales, asistenciales y educacionales que la Iglesia cat\u00f3lica realiza a trav\u00e9s de sus distintos movimientos.<\/p>\n<p>h) Apoyar en general los emprendimientos de car\u00e1cter productivo, en especial el microemprendimientos, capacitaciones laborales para j\u00f3venes, cooperativas y otras acciones de car\u00e1cter social.<\/p>\n","protected":false},"excerpt":{"rendered":"<p>La fundaci\u00f3n tendr\u00e1 por objeto a) Promover y difundir la espiritualidad cat\u00f3lica, la Doctrina Social de la Iglesia y el compromiso social de los laicos. Para ello adquirir\u00e1, construir\u00e1 y administrar\u00e1 casas y otros inmuebles apropiados para sus&#8230; <a class=\"read-more\" href=\"https:\/\/fundacionmateo25.com.ar\/?page_id=18\">Leer m&aacute;s<\/a><\/p>\n","protected":false},"author":1,"featured_media":256,"parent":0,"menu_order":0,"comment_status":"closed","ping_status":"closed","template":"","meta":{"om_disable_all_campaigns":false,"_monsterinsights_skip_tracking":false,"_monsterinsights_sitenote_active":false,"_monsterinsights_sitenote_note":"","_monsterinsights_sitenote_category":0,"footnotes":""},"class_list":["post-18","page","type-page","status-publish","has-post-thumbnail","hentry","no-comments"],"aioseo_notices":[],"_links":{"self":[{"href":"https:\/\/fundacionmateo25.com.ar\/index.php?rest_route=\/wp\/v2\/pages\/18"}],"collection":[{"href":"https:\/\/fundacionmateo25.com.ar\/index.php?rest_route=\/wp\/v2\/pages"}],"about":[{"href":"https:\/\/fundacionmateo25.com.ar\/index.php?rest_route=\/wp\/v2\/types\/page"}],"author":[{"embeddable":true,"href":"https:\/\/fundacionmateo25.com.ar\/index.php?rest_route=\/wp\/v2\/users\/1"}],"replies":[{"embeddable":true,"href":"https:\/\/fundacionmateo25.com.ar\/index.php?rest_route=%2Fwp%2Fv2%2Fcomments&post=18"}],"version-history":[{"count":7,"href":"https:\/\/fundacionmateo25.com.ar\/index.php?rest_route=\/wp\/v2\/pages\/18\/revisions"}],"predecessor-version":[{"id":721,"href":"https:\/\/fundacionmateo25.com.ar\/index.php?rest_route=\/wp\/v2\/pages\/18\/revisions\/721"}],"wp:featuredmedia":[{"embeddable":true,"href":"https:\/\/fundacionmateo25.com.ar\/index.php?rest_route=\/wp\/v2\/media\/256"}],"wp:attachment":[{"href":"https:\/\/fundacionmateo25.com.ar\/index.php?rest_route=%2Fwp%2Fv2%2Fmedia&parent=18"}],"curies":[{"name":"wp","href":"https:\/\/api.w.org\/{rel}","templated":true}]}}